{"version":"1.0","provider_name":"GLM","provider_url":"https:\/\/www.glm-outdoor.com\/fr\/","author_name":"info_glm","author_url":"https:\/\/www.glm-outdoor.com\/fr\/author\/info_glm\/","title":"R\u00e9sidence Priv\u00e9e \u00e0 Bruxelles | GLM Outdoor Solutions","type":"rich","width":600,"height":338,"html":"<blockquote class=\"wp-embedded-content\" data-secret=\"aCG7tPnQsV\"><a href=\"https:\/\/www.glm-outdoor.com\/fr\/project\/residence-privee-a-bruxelles\/\">R\u00e9sidence Priv\u00e9e \u00e0 Bruxelles<\/a><\/blockquote><iframe sandbox=\"allow-scripts\" security=\"restricted\" src=\"https:\/\/www.glm-outdoor.com\/fr\/project\/residence-privee-a-bruxelles\/embed\/#?secret=aCG7tPnQsV\" width=\"600\" height=\"338\" title=\"&#8220;R\u00e9sidence Priv\u00e9e \u00e0 Bruxelles&#8221; &#8212; GLM\" data-secret=\"aCG7tPnQsV\" frameborder=\"0\" marginwidth=\"0\" marginheight=\"0\" scrolling=\"no\" class=\"wp-embedded-content\"><\/iframe><script type=\"text\/javascript\">\n\/* <![CDATA[ *\/\n\/*! This file is auto-generated *\/\n!function(d,l){\"use strict\";l.querySelector&&d.addEventListener&&\"undefined\"!=typeof URL&&(d.wp=d.wp||{},d.wp.receiveEmbedMessage||(d.wp.receiveEmbedMessage=function(e){var t=e.data;if((t||t.secret||t.message||t.value)&&!\/[^a-zA-Z0-9]\/.test(t.secret)){for(var s,r,n,a=l.querySelectorAll('iframe[data-secret=\"'+t.secret+'\"]'),o=l.querySelectorAll('blockquote[data-secret=\"'+t.secret+'\"]'),c=new RegExp(\"^https?:$\",\"i\"),i=0;i<o.length;i++)o[i].style.display=\"none\";for(i=0;i<a.length;i++)s=a[i],e.source===s.contentWindow&&(s.removeAttribute(\"style\"),\"height\"===t.message?(1e3<(r=parseInt(t.value,10))?r=1e3:~~r<200&&(r=200),s.height=r):\"link\"===t.message&&(r=new URL(s.getAttribute(\"src\")),n=new URL(t.value),c.test(n.protocol))&&n.host===r.host&&l.activeElement===s&&(d.top.location.href=t.value))}},d.addEventListener(\"message\",d.wp.receiveEmbedMessage,!1),l.addEventListener(\"DOMContentLoaded\",function(){for(var e,t,s=l.querySelectorAll(\"iframe.wp-embedded-content\"),r=0;r<s.length;r++)(t=(e=s[r]).getAttribute(\"data-secret\"))||(t=Math.random().toString(36).substring(2,12),e.src+=\"#?secret=\"+t,e.setAttribute(\"data-secret\",t)),e.contentWindow.postMessage({message:\"ready\",secret:t},\"*\")},!1)))}(window,document);\n\/* ]]> *\/\n<\/script>\n","thumbnail_url":"https:\/\/www.glm-outdoor.com\/wp-content\/uploads\/2021\/11\/belgium-house-main1-1.jpg","thumbnail_width":1920,"thumbnail_height":1080,"description":"Un coin sp\u00e9cial peut \u00eatre cr\u00e9\u00e9 au bord de votre jardin. L'espace ext\u00e9rieur peut devenir un prolongement de votre maison, sans aucune restriction sur la lumi\u00e8re du soleil, l'air et la sensation de la nature. Telle est la philosophie des pergolas bioclimatiques : en fonction des conditions ext\u00e9rieures, l'espace ext\u00e9rieur peut \u00eatre parfaitement adapt\u00e9. Les stores peuvent \u00eatre ouverts-ferm\u00e9s ou dans la position et les degr\u00e9s que vous souhaitez. Le syst\u00e8me de vitrage peut \u00eatre ouvert pour profiter de votre jardin ou ferm\u00e9 pour \u00eatre prot\u00e9g\u00e9 de la pluie ou de la neige."}

Résidence Privée à Bruxelles | GLM Outdoor Solutions

<blockquote class="wp-embedded-content" data-secret="aCG7tPnQsV"><a href="https://www.glm-outdoor.com/fr/project/residence-privee-a-bruxelles/">Résidence Privée à Bruxelles</a></blockquote><iframe sandbox="allow-scripts" security="restricted" src="https://www.glm-outdoor.com/fr/project/residence-privee-a-bruxelles/embed/#?secret=aCG7tPnQsV" width="600" height="338" title="&#8220;Résidence Privée à Bruxelles&#8221; &#8212; GLM" data-secret="aCG7tPnQsV" frameborder="0" marginwidth="0" marginheight="0" scrolling="no" class="wp-embedded-content"></iframe><script type="text/javascript">
/* <![CDATA[ */
/*! This file is auto-generated */
!function(d,l){"use strict";l.querySelector&&d.addEventListener&&"undefined"!=typeof URL&&(d.wp=d.wp||{},d.wp.receiveEmbedMessage||(d.wp.receiveEmbedMessage=function(e){var t=e.data;if((t||t.secret||t.message||t.value)&&!/[^a-zA-Z0-9]/.test(t.secret)){for(var s,r,n,a=l.querySelectorAll('iframe[data-secret="'+t.secret+'"]'),o=l.querySelectorAll('blockquote[data-secret="'+t.secret+'"]'),c=new RegExp("^https?:$","i"),i=0;i<o.length;i++)o[i].style.display="none";for(i=0;i<a.length;i++)s=a[i],e.source===s.contentWindow&&(s.removeAttribute("style"),"height"===t.message?(1e3<(r=parseInt(t.value,10))?r=1e3:~~r<200&&(r=200),s.height=r):"link"===t.message&&(r=new URL(s.getAttribute("src")),n=new URL(t.value),c.test(n.protocol))&&n.host===r.host&&l.activeElement===s&&(d.top.location.href=t.value))}},d.addEventListener("message",d.wp.receiveEmbedMessage,!1),l.addEventListener("DOMContentLoaded",function(){for(var e,t,s=l.querySelectorAll("iframe.wp-embedded-content"),r=0;r<s.length;r++)(t=(e=s[r]).getAttribute("data-secret"))||(t=Math.random().toString(36).substring(2,12),e.src+="#?secret="+t,e.setAttribute("data-secret",t)),e.contentWindow.postMessage({message:"ready",secret:t},"*")},!1)))}(window,document);
/* ]]> */
</script>

Un coin spécial peut être créé au bord de votre jardin. L'espace extérieur peut devenir un prolongement de votre maison, sans aucune restriction sur la lumière du soleil, l'air et la sensation de la nature. Telle est la philosophie des pergolas bioclimatiques : en fonction des conditions extérieures, l'espace extérieur peut être parfaitement adapté. Les stores peuvent être ouverts-fermés ou dans la position et les degrés que vous souhaitez. Le système de vitrage peut être ouvert pour profiter de votre jardin ou fermé pour être protégé de la pluie ou de la neige.
